he remainder when 1911 is divided by 1905?
6
Calculate the remainder when 526 is divided by 510.
16
What is the remainder when 341125 is divided by 382?
381
Calculate the remainder when 2313 is divided by 430.
163
What is the remainder when 7827 is divided by 280?
267
Calculate the remainder when 500136 is divided by 183.
180
Calculate the remainder when 2581 is divided by 385.
271
What is the remainder when 178796 is divided by 59582?
50
Calculate the remainder when 699 is divided by 99.
6
Calculate the remainder when 616 is divided by 10.
6
Calculate the remainder when 5141 is divided by 342.
11
Calculate the remainder when 777889 is divided by 597.
595
What is the remainder when 81274 is divided by 263?
7
Calculate the remainder when 597 is divided by 59.
7
What is the remainder when 8058 is divided by 7808?
250
Calculate the remainder when 3607 is divided by 321.
76
Calculate the remainder when 507782 is divided by 1192.
1182
Calculate the remainder when 35204 is divided by 257.
252
Calculate the remainder when 28005 is divided by 272.
261
Calculate the remainder when 42460 is divided by 1568.
124
Calculate the remainder when 23428 is divided by 3346.
6
Calculate the remainder when 1833 is divided by 491.
360
Calculate the remainder when 1113 is divided by 7.
0
Calculate the remainder when 19598 is divided by 1.
0
Calculate the remainder when 69250 is divided by 241.
83
What is the remainder when 2999 is divided by 36?
11
What is the remainder when 215639 is divided by 338?
333
What is the remainder when 218231 is divided by 36?
35
Calculate the remainder when 27040 is divided by 3849.
97
What is the remainder when 389 is divided by 81?
65
Calculate the remainder when 1306 is divided by 413.
67
What is the remainder when 60677 is divided by 74?
71
What is the remainder when 3778 is divided by 209?
16
Calculate the remainder when 8146 is divided by 1040.
866
Calculate the remainder when 63899 is divided by 180.
179
What is the remainder when 187413 is divided by 22?
17
What is the remainder when 270173 is divided by 38594?
15
Calculate the remainder when 29069 is divided by 1162.
19
What is the remainder when 311 is divided by 93?
32
What is the remainder when 41087 is divided by 1029?
956
What is the remainder when 9749 is divided by 538?
65
What is the remainder when 16025 is divided by 174?
17
What is the remainder when 165 is divided by 145?
20
What is the remainder when 16242 is divided by 41?
6
Calculate the remainder when 14066 is divided by 91.
52
What is the remainder when 41252 is divided by 13589?
485
Calculate the remainder when 215943 is divided by 93.
90
What is the remainder when 34499 is divided by 72?
11
Calculate the remainder when 611 is divided by 323.
288
What is the remainder when 3154 is divided by 127?
106
Calculate the remainder when 6459 is divided by 92.
19
What is the remainder when 1658 is divided by 1250?
408
What is the remainder when 2546 is divided by 107?
85
Calculate the remainder when 102629 is divided by 5.
4
What is the remainder when 3514663 is divided by 23?
10
Calculate the remainder when 29013 is divided by 4832.
21
Calculate the remainder when 12382 is divided by 2471.
27
What is the remainder when 18187 is divided by 18180?
7
Calculate the remainder when 141270 is divided by 366.
360
Calculate the remainder when 4266838 is divided by 120.
118
What is the remainder when 9330 is divided by 667?
659
Calculate the remainder when 9060 is divided by 232.
12
What is the remainder when 38188 is divided by 296?
4
What is the remainder when 1169445 is divided by 389810?
15
What is the remainder when 5256 is divided by 863?
78
What is the remainder when 85348 is divided by 2?
0
Calculate the remainder when 2415 is divided by 90.
75
What is the remainder when 12529 is divided by 2087?
7
Calculate the remainder when 30494 is divided by 1054.
982
What is the remainder when 78599 is divided by 50?
49
What is the remainder when 1746 is divided by 227?
157
Calculate the remainder when 5097 is divided by 425.
422
Calculate the remainder when 31252 is divided by 595.
312
What is the remainder when 533153 is divided by 26?
23
Calculate the remainder when 2427 is divided by 1033.
361
Calculate the remainder when 9397 is divided by 100.
97
What is the remainder when 8391 is divided by 1051?
1034
Calculate the remainder when 5173 is divided by 35.
28
What is the remainder when 64856 is divided by 108?
56
What is the remainder when 26386 is divided by 166?
158
What is the remainder when 15576 is divided by 47?
19
Calculate the remainder when 29469 is divided by 14715.
39
Calculate the remainder when 3484 is divided by 664.
164
What is the remainder when 512020 is divided by 116?
112
Calculate the remainder when 1582 is divided by 821.
761
What is the remainder when 56929 is divided by 193?
187
What is the remainder when 112978 is divided by 134?
16
What is the remainder when 2155 is divided by 1075?
5
What is the remainder when 4483 is divided by 496?
19
What is the remainder when 4840 is divided by 118?
2
Calculate the remainder when 66617 is divided by 430.
397
Calculate the remainder when 264879 is divided by 10.
9
What is the remainder when 17267 is divided by 1152?
1139
Calculate the remainder when 1727 is divided by 812.
103
Calculate the remainder when 3343 is divided by 476.
11
Calculate the remainder when 229620 is divided by 1073.
1071
What is the remainder when 2363 is divided by 122?
45
What is the remainder when 27057 is divided by 304?
1
What is the remainder when 27898 is divided by 436?
430
What is the remainder when 994 is divided by 83?
81
Calculate the remainder when 19252 is divided by 116.
112
Calculate the remainder when 2906 is divided by 377.
267
What is the remainder when 6057 is divided by 15?
12
Calculate the remainder when 83241 is divided by 2523.
2505
Calculate the remainder when 2511 is divided by 600.
111
What is the remainder when 53484 is divided by 205?
184
What is the remainder when 9453 is divided by 25?
3
What is the remainder when 24124 is divided by 29?
25
What is the remainder when 25151 is divided by 535?
6
Calculate the remainder when 3233 is divided by 2051.
1182
Calculate the remainder when 193762 is divided by 482.
480
What is the remainder when 10297 is divided by 206?
203
What is the remainder when 5155 is divided by 2461?
233
Calculate the remainder when 163963 is divided by 130.
33
What is the remainder when 24647 is divided by 8190?
77
What is the remainder when 53147 is divided by 25?
22
What is the remainder when 5486 is divided by 83?
8
Calculate the remainder when 12833 is divided by 6403.
27
What is the remainder when 245 is divided by 130?
115
Calculate the remainder when 29723 is divided by 29.
27
What is the remainder when 186144 is divided by 346?
342
What is the remainder when 5071 is divided by 750?
571
Calculate the remainder when 13676 is divided by 6836.
4
What is the remainder when 7678 is divided by 20?
18
Calculate the remainder when 7739 is divided by 3736.
267
What is the remainder when 3506 is divided by 219?
2
Calculate the remainder when 38803 is divided by 33.
28
What is the remainder when 61936 is divided by 11?
6
What is the remainder when 4820 is divided by 302?
290
What is the remainder when 25073 is divided by 386?
369
Calculate the remainder when 24693 is divided by 7.
4
Calculate the remainder when 11271 is divided by 5215.
841
What is the remainder when 178394 is divided by 1230?
44
Calculate the remainder when 2687 is divided by 168.
167
What is the remainder when 1752887 is divided by 32?
23
What is the remainder when 42453 is divided by 42441?
12
Calculate the remainder when 26519 is divided by 8823.
50
What is the remainder when 5311 is divided by 43?
22
Calculate the remainder when 3044 is divided by 104.
28
What is the remainder when 702 is divided by 605?
97
Calculate the remainder when 5368 is divided by 107.
18
Calculate the remainder when 14946 is divided by 4965.
51
Calculate the remainder when 7577 is divided by 4.
1
Calculate the remainder when 1258 is divided by 402.
52
Calculate the remainder when 13249 is divided by 309.
271
Calculate the remainder when 353697 is divided by 13603.
19
Calculate the remainder when 15098 i